it of z(10)?
6
Let o(x) = -61*x + 1. Let p be o(1). Let t = p - -33. What is the units digit of (-2)/9 + (-60)/t?
2
Let b = 4 - -8. What is the tens digit of (-40)/b*9/(-2)?
1
Let o(h) = -2*h + 1. Let m(c) = -c**2 + 8*c - 9. Let y be m(7). Let k be o(y). Let g = -3 + k. What is the units digit of g?
2
Let d(n) = n**3 - 5*n**2 + 5*n - 1. Let m = 16 + -11. Suppose -y - 4 = 0, 0 = 4*c - m*c - 5*y - 16. What is the units digit of d(c)?
3
What is the tens digit of (2 - -57)/(-2*1/(-4))?
1
Suppose 0 = l + h - 1 - 23, 88 = 4*l - 4*h. What is the tens digit of l?
2
Suppose -5*z - 5*l + 28 = -2*l, 0 = -3*z - 5*l + 4. Suppose 5*n - 5*u + 5 = 0, -3*u - 9 = 3*n - z*u. Let x = 3 + n. What is the units digit of x?
5
Let l(c) = -c - 2. Let m be l(-5). Suppose m*x - 2*k - 4 = -2, -2 = -x + 2*k. Suppose -v - v + 22 = x. What is the units digit of v?
1
Let z be (-1)/(-4 + 3)*23. Suppose 3*l - 16 = z. What is the tens digit of l?
1
What is the tens digit of (-11)/44 - 89/(-4)?
2
Let s = 3 - -13. What is the tens digit of s?
1
What is the tens digit of 1167/9 + 4/(-6)?
2
Let c(d) be the third derivative of d**5/60 + d**4/6 - d**3/2 - 4*d**2. What is the units digit of c(-6)?
9
Let r = 8 + -5. Let b = r - 3. Suppose 2*a - 9 - 11 = b. What is the tens digit of a?
1
Suppose -281 = -3*z - 101. What is the tens digit of z?
6
Let g = 21 + -15. Let m(x) = x**2 + x. Let c be m(0). Suppose 5*r - 16 + g = c. What is the units digit of r?
2
What is the tens digit of ((-2)/6)/((-3)/126)?
1
Suppose -j = -6*j - 50. Let t = 18 + j. What is the units digit of 1 + (t - 2) + 0?
7
Suppose 16 = -a + 5*z, 2*a + z = 4*z - 4. Let n be (a - 0)*9/(-4). Let r(s) = s**2 + 9*s + 7. What is the units digit of r(n)?
7
Let f(g) = 3*g**2 + 2*g - 1. Suppose -3*z + 21 = -5*d, -4*d - 4 = -z + 5*z. What is the tens digit of f(z)?
1
Suppose 3*y - 2*x = -3*x + 16, 5*y + 3*x = 32. What is the units digit of 2/y - 6/(-4)?
2
Let k be (-51)/(-5)*-1*-5. Suppose 5*n + 0*a = -a + k, 5*n - 35 = -5*a. What is the tens digit of n?
1
Let q(n) = 3*n - 8. Let s be q(8). Suppose k - 5 - s = 0. What is the tens digit of k?
2
Suppose 2*l + l - 6 = 0. Let u(n) = -l*n + 0 - 13 - n. What is the units digit of u(-9)?
4
Let b = 3 + 1. Suppose 0 = -3*h + 5*r - 1 + 36, -b*h = 4*r - 36. Suppose -18 = -2*f + h. What is the units digit of f?
4
Let d = -2 - 13. Let i = d + 29. What is the tens digit of i?
1
What is the units digit of 1/(-4) + 33/4?
8
Suppose 177 + 114 = 3*q. Suppose 67 = 4*h - q. Suppose -4*y - 4 - 26 = -2*u, -5*y - h = -3*u. What is the units digit of u?
7
What is the tens digit of 3*(-3)/18*-104?
5
Let o(a) = 2*a - 26. What is the tens digit of o(21)?
1
Suppose -k + 4*d + 1 = 2*d, k - 5 = -2*d. Let a(y) = -4 + y - 7*y + 8*y. What is the units digit of a(k)?
2
What is the units digit of (-8076)/(-30) + (-12)/(-15)?
0
Suppose -v = 3*v - 8. Suppose 1 = -4*k + 5. Suppose -v*w + 1 + k = 0. What is the units digit of w?
1
Suppose -4*y + 0*y + 152 = 0. What is the tens digit of y?
3
Suppose 0 = k + 2*k - 15. What is the units digit of k?
5
Let s be (-6 - -1)*96/5. What is the units digit of 2/3 - s/18?
6
Suppose 5*c = 2 + 8. Suppose -16 = -6*s + c*s. Suppose n = 2*n - s*q - 17, 48 = 4*n + 4*q. What is the tens digit of n?
1
Suppose 3*x + 3*k = -x, -2*k = 3*x - 1. Suppose -3*y + 27 = x. What is the units digit of y?
8
What is the units digit of (656/(-40))/(4/(-10))?
1
Suppose 0 = -4*z - 4*t + 271 - 43, 4*z - 4*t - 220 = 0. What is the units digit of z?
6
Suppose r - 3 = 3. Suppose t + 5*z = 29, r*t - 229 = t + 3*z. What is the units digit of t?
4
Let o(d) = -d - 4. Let a be o(-4). Let x = 3 - a. What is the units digit of x?
3
Let x(j) = j**3 + 6*j**2 - 11*j - 8. What is the tens digit of x(-6)?
5
Suppose 4*b + 4*j - 136 = 0, 3*b - 5*j = 2*b + 22. What is the tens digit of b?
3
Suppose -q = 3*x - 3, 2*q + 6 = 4*q + 2*x. Let g = q + 3. What is the units digit of g?
6
Let k = 13 - 8. What is the units digit of k?
5
Suppose 6*w - 2*w - 40 = -4*d, 15 = 3*w. Suppose 2*n = s + 2 + 37, d*s + 69 = 3*n. What is the units digit of n?
8
Let s(d) = d**2 - 13*d + 9. Let r be s(8). Let z = r - -57. What is the units digit of z?
6
Suppose 0 = -8*h + 2*h + 138. What is the tens digit of h?
2
Let l(d) = 4*d + 87. What is the tens digit of l(0)?
8
Suppose -3*f = 37 - 94. What is the tens digit of f?
1
Suppose 4*v + 1 = -2*a + 15, -4*a + 4 = 0. Suppose -4*p = -v*p. Suppose 5*t + 3*c = 64, -3*t - 3*c = -p*c - 36. What is the tens digit of t?
1
Suppose 10*w - 5*w = 10. What is the units digit of ((w - 0)/2)/1?
1
Let u = -2 + 6. What is the tens digit of 12*(-2 + u + -1)?
1
What is the tens digit of (6 - 4)/((-4)/(-50))?
2
Suppose -7 = -4*j + 101. What is the units digit of j?
7
Let w(x) = 276*x + 12. What is the tens digit of w(1)?
8
Suppose 4*q = -j + 18, -j - 2*j = 2*q - 94. What is the tens digit of j?
3
Let s(f) be the second derivative of 0 + 11/2*f**2 + 1/12*f**4 - 3/2*f**3 + 3*f. What is the tens digit of s(9)?
1
Let w be (-107)/(-7) + (-10)/35. What is the units digit of (-1 - 4/(-3))*w?
5
Let z = 25 - 0. What is the units digit of z?
5
Let v(q) = q**3 - 5*q**2 - 5*q - 2. What is the tens digit of v(7)?
6
Suppose 12 = q - 42. What is the tens digit of q?
5
Let k be 6/((-9)/12 + 1). Suppose s = -j + 10, -6*s + 4*s + 2*j + k = 0. What is the units digit of s?
1
Let i(o) = -1. Let n(s) = s**2 - 3. Suppose 0 = 2*q - 6*q + 4. Let c(k) = q*n(k) - 2*i(k). What is the units digit of c(3)?
8
Suppose -6*c + 12 = -2*c. What is the units digit of c?
3
Suppose 2*b - 6*b = -24. What is the units digit of b?
6
Suppose -140 - 28 = 4*w. What is the units digit of (-18)/(-9)*w/(-4)?
1
Let a = -5 - -94. What is the tens digit of a?
8
Let c = 13 - 5. What is the units digit of ((-9)/(-18))/(2/c)?
2
Let l = -47 + 83. What is the units digit of l?
6
Suppose h - 2*h = 0. What is the units digit of 3 + h + (-14)/(-7)?
5
Let v(h) = -h**3 - 4*h**2 + 4. Let n be v(-4). Suppose -5*g + 6 = -n. What is the units digit of g?
2
Suppose -4*d = -5*v + 1, 8 = -d - d. What is the units digit of 38/3 + 2/v?
2
Let w = 887 - 468. What is the hundreds digit of w?
4
Let b(f) = f + 1. Let i(l) = -12*l - 15. Let g(s) = -15*b(s) - i(s). What is the units digit of g(-3)?
9
What is the tens digit of (393/12)/((-10)/(-80))?
6
Let n(u) = -u**2 - 4*u - 2. Let t be n(-3). Let m = 52 - t. What is the units digit of m?
1
Let z = 2 + -1. What is the units digit of (-9)/(-3) + (-2)/z?
1
Let z(s) = s + 1. Let b be z(2). Suppose 4*c - b*c - 6 = 0. What is the units digit of c?
6
Suppose 2 = -3*g - 5*z - 6, -5*g + z = 32. Let i = 6 + g. Suppose -3*a + 65 = 5*n + 10, 4*a = i. What is the tens digit of n?
1
Suppose -13 = -2*w + o + 91, 2*w + 2*o - 98 = 0. Suppose 2*k - 3*v - 12 - 18 = 0, 0 = -3*k + 3*v + w. What is the units digit of k?
1
Let o(z) be the first derivative of -z**3/6 + 11*z**2 - 2*z - 2. Let b(l) be the first derivative of o(l). What is the units digit of b(11)?
1
Let n(d) = d**2 - 10*d + 9. Let w be n(9). Let b be 2*(w + 10/4). Suppose 0 = -5*t + b*v + 5, -5 = 5*t + 3*v - 42. What is the units digit of t?
5
Suppose 43*p = 44*p - 157. What is the units digit of p?
7
Let i be (9/(-6))/(6/(-100)). Let w = 40 - i. What is the units digit of w?
5
What is the tens digit of ((-96)/3)/((-2)/8)?
2
Let s(f) = -4*f - 25. Let p(k) = 2*k + 13. Let z(g) = -5*p(g) - 2*s(g). Let n be z(-10). Suppose -n = -y - d, 6 = y + y + d. What is the units digit of y?
1
Suppose 3*i - 5*i + 4 = 0. Suppose o - i*a + 8 = -0*o, -2*a = 3*o - 8. Suppose 2*q = c - 3 - 7, o = -2*q - 2. What is the units digit of c?
8
Let v(m) = 11*m**2 + 3*m + 1. What is the units digit of v(-2)?
9
Suppose 0 = 3*q, -4*t + 0*q + 3*q + 776 = 0. What is the units digit of t?
4
Suppose 0 = c + 3, 2*c + 8 = 3*w - 2*w. Suppose -w*z - 38 = -z. Let m = z - -58. What is the units digit of m?
0
Let o(x) = -x - 2. Let v be o(-5). Suppose -v*s - 6 = -5*s. What is the units digit of s?
3
Suppose 0 = 5*j - 2*b - 571, 0 = 3*b - 3 + 12. What is the units digit of j?
3
Suppose -5 = i + 13. What is the units digit of (32/6)/(i/(-27))?
8
Suppose -19 + 99 = 2*k. What is the units digit of k?
0
Let l = 5 - 36. Let z = -21 - l. What is the tens digit of z?
1
Let m = 5 + -5. Suppose -2*g + 10 = m, 4*x = 3*g - 7*g + 80. What is the units di